 the units digit of 398178810?
0
What is the millions digit of 129755316?
9
What is the ten thousands digit of 1321123207?
2
What is the tens digit of 47324180?
8
What is the ten thousands digit of 214036515?
3
What is the hundred millions digit of 631977253?
6
What is the thousands digit of 7017665?
7
What is the hundred millions digit of 185021692?
1
What is the thousands digit of 1522298774?
8
What is the hundreds digit of 42601234?
2
What is the units digit of 182184912?
2
What is the units digit of 97921964?
4
What is the tens digit of 56348046?
4
What is the thousands digit of 1617474540?
4
What is the thousands digit of 132263774?
3
What is the tens digit of 94656917?
1
What is the billions digit of 3410017331?
3
What is the units digit of 1830438765?
5
What is the hundred thousands digit of 4090274821?
2
What is the ten thousands digit of 20225146?
2
What is the millions digit of 58696329?
8
What is the ten thousands digit of 193093245?
9
What is the hundred thousands digit of 52909716?
9
What is the tens digit of 279320723?
2
What is the ten thousands digit of 6045408491?
0
What is the thousands digit of 2121707068?
7
What is the hundred thousands digit of 2575834061?
8
What is the hundred thousands digit of 4473307071?
3
What is the ten thousands digit of 3085758093?
5
What is the tens digit of 18709735?
3
What is the units digit of 40890607?
7
What is the hundreds digit of 119178335?
3
What is the ten thousands digit of 90099231?
9
What is the hundred thousands digit of 3291427797?
4
What is the ten millions digit of 334233729?
3
What is the ten thousands digit of 443338333?
3
What is the thousands digit of 161106884?
6
What is the ten millions digit of 1663245835?
6
What is the tens digit of 63412547?
4
What is the thousands digit of 37656540?
6
What is the ten millions digit of 633250726?
3
What is the hundred millions digit of 454450706?
4
What is the tens digit of 158364495?
9
What is the thousands digit of 9826391?
6
What is the ten thousands digit of 402471419?
7
What is the hundreds digit of 2534732597?
5
What is the tens digit of 32363808?
0
What is the hundred thousands digit of 218371287?
3
What is the hundreds digit of 1461894626?
6
What is the hundred thousands digit of 32147383?
1
What is the thousands digit of 565732818?
2
What is the units digit of 1993538825?
5
What is the hundred millions digit of 540679058?
5
What is the millions digit of 357062071?
7
What is the millions digit of 355373070?
5
What is the hundred thousands digit of 215075583?
0
What is the tens digit of 9665397?
9
What is the hundred thousands digit of 259168714?
1
What is the ten thousands digit of 1452538211?
3
What is the millions digit of 388440697?
8
What is the units digit of 47699366?
6
What is the ten millions digit of 386886844?
8
What is the thousands digit of 13132390?
2
What is the hundred millions digit of 249053520?
2
What is the units digit of 753973274?
4
What is the hundreds digit of 87320796?
7
What is the tens digit of 8989526?
2
What is the ten thousands digit of 121100677?
0
What is the thousands digit of 205657958?
7
What is the ten thousands digit of 13175760?
7
What is the ten thousands digit of 82543807?
4
What is the thousands digit of 35539588?
9
What is the units digit of 32335165?
5
What is the hundred millions digit of 572743897?
5
What is the hundred millions digit of 130075936?
1
What is the ten thousands digit of 81104301?
0
What is the hundreds digit of 2224055125?
1
What is the tens digit of 432180547?
4
What is the ten thousands digit of 95274940?
7
What is the millions digit of 2897418288?
7
What is the thousands digit of 829526168?
6
What is the ten thousands digit of 2055964242?
6
What is the hundreds digit of 2999415407?
4
What is the ten millions digit of 262901462?
6
What is the ten millions digit of 106522267?
0
What is the hundred thousands digit of 61412002?
4
What is the millions digit of 534835681?
4
What is the ten thousands digit of 103413472?
1
What is the millions digit of 39284777?
9
What is the hundred millions digit of 228237921?
2
What is the hundred thousands digit of 3753488861?
4
What is the ten millions digit of 1672196750?
7
What is the ten thousands digit of 257588085?
8
What is the ten millions digit of 21353404?
2
What is the units digit of 2235352045?
5
What is the millions digit of 99269484?
9
What is the ten millions digit of 54738072?
5
What is the ten thousands digit of 101636985?
3
What is the hundreds digit of 105225388?
3
What is the hundreds digit of 170432601?
6
What is the tens digit of 408436860?
6
What is the ten millions digit of 214541404?
1
What is the units digit of 532646?
6
What is the thousands digit of 1333804341?
4
What is the millions digit of 384750890?
4
What is the ten millions digit of 76344605?
7
What is the units digit of 146167474?
4
What is the tens digit of 617455426?
2
What is the ten millions digit of 370342362?
7
What is the hundreds digit of 565623253?
2
What is the ten millions digit of 25406645?
2
What is the hundreds digit of 88811972?
9
What is the thousands digit of 957087144?
7
What is the hundreds digit of 124488205?
2
What is the thousands digit of 55325093?
5
What is the ten thousands digit of 3584646096?
4
What is the billions digit of 1192790185?
1
What is the units digit of 221449558?
8
What is the tens digit of 236971003?
0
What is the ten thousands digit of 37551458?
5
What is the tens digit of 51621979?
7
What is the thousands digit of 88627958?
7
What is the thousands digit of 886621827?
1
What is the ten thousands digit of 39354039?
5
What is the hundreds digit of 84896995?
9
What is the hundred millions digit of 1314056227?
3
What is the ten millions digit of 594595915?
9
What is the hundreds digit of 473184325?
3
What is the units digit of 20944588?
8
What is the millions digit of 77956046?
7
What is the hundred thousands digit of 13669874?
6
What is the hundreds digit of 58062169?
1
What is the hundred thousands digit of 869889497?
8
What is the ten thousands digit of 5184364804?
6
What is the units digit of 507483527?
7
What is the units digit of 38349603?
3
What is the millions digit of 132492540?
2
What is the hundred millions digit of 428464097?
4
What is the millions digit of 2075812487?
5
What is the ten millions digit of 50041923?
5
What is the tens digit of 2688717006?
0
What is the hundreds digit of 1656054983?
9
What is the billions digit of 1557512955?
1
What is the hundred thousands digit of 218227227?
2
What is the hundred thousands digit of 4482712853?
7
What is the tens digit of 2485688822?
2
What is the thousands digit of 2078153494?
3
What is the hundreds digit of 895663097?
0
What is the thousands digit of 2620474430?
4
What is the ten millions digit of 1394471039?
9
What is the tens digit of 1283795403?
0
What is the tens digit of 1134612227?
2
What is the millions digit of 25828418?
5
What is the hundred millions digit of 104739838?
1
What is the millions digit of 2997004455?
7
What is the hundred millions digit of 170951977?
1
What is the hundred thousands digit of 63333675?
3
What is the millions digit of 52711489?
2
What is the thousands digit of 102656707?
6
What is the ten millions digit of 543053752?
4
What is the thousands digit of 334829889?
9
What is the billions digit of 1314797401?
1
What is the millions digit of 32920711?
2
What is the units digit of 792392243?
3
What is the ten millions digit of 61286087?
6
What is the tens digit of 145190240?
4
What is the hundred millions digit of 2774344601?
7
What is the ten thousands digit of 61188572?
8
What is the hundreds digit of 747254447?
4
What is the tens digit of 86316568?
6
What is the hundreds digit of 84088853?
8
What is the units digit of 630642430?
0
What is the ten thousands digit of 17585186?
8
What is the thousands digit of 35153175?
3
What is the hundred thousands digit of 186142167?
1
What is the hundred millions digit of 1422870329?
4
What is the millions digit of 223092640?
3
What is the ten millions digit of 111795128?
1
What is the ten thousands digit of 28835266?
3
What is the millions digit of 172045817?
2
What is the thousands digit of 77404519?
4
What is the millions digit of 102926754?
2
What is the billions digit of 2539316052?